 prime factors of 2887592949?
3, 103, 1038329
List the prime factors of 26595911.
26595911
What are the prime factors of 123399496?
2, 11, 1402267
List the prime factors of 178317595.
5, 35663519
What are the prime factors of 535770452?
2, 7, 41, 233, 2003
List the prime factors of 19599408.
2, 3, 71
What are the prime factors of 2600589939?
3, 257, 307, 10987
What are the prime factors of 8526335569?
3527, 2417447
List the prime factors of 98828495.
5, 73, 270763
What are the prime factors of 638598790?
2, 5, 63859879
List the prime factors of 434481405.
3, 5, 227, 127601
List the prime factors of 921570655.
5, 37, 2213, 2251
What are the prime factors of 1212961538?
2, 139, 587, 7433
What are the prime factors of 840047211?
3, 79, 1181501
What are the prime factors of 131122210?
2, 5, 13112221
What are the prime factors of 5384066279?
5384066279
List the prime factors of 213590728.
2, 13, 2053757
List the prime factors of 210897596.
2, 7, 13, 263, 2203
List the prime factors of 43688057.
7, 891593
What are the prime factors of 45139399?
29, 1051, 1481
List the prime factors of 89138517.
3, 13, 601, 3803
What are the prime factors of 1944253390?
2, 5, 1973, 98543
List the prime factors of 857699420.
2, 5, 283, 151537
What are the prime factors of 6029545993?
71, 79, 1074977
What are the prime factors of 7142276766?
2, 3, 1190379461
What are the prime factors of 4684237941?
3, 19, 4079, 20147
What are the prime factors of 3218825?
5, 199, 647
What are the prime factors of 5450039721?
3, 7, 103, 10369
List the prime factors of 12645793.
97, 130369
List the prime factors of 3854504.
2, 481813
What are the prime factors of 131631451?
7, 18804493
List the prime factors of 1125362977.
107, 10517411
List the prime factors of 78467009.
78467009
What are the prime factors of 1221440736?
2, 3, 521, 24421
What are the prime factors of 154803481?
7, 22114783
List the prime factors of 710853953.
37, 19212269
What are the prime factors of 753193905?
3, 5, 50212927
List the prime factors of 3191375381.
103, 269, 115183
List the prime factors of 8011494816.
2, 3, 13, 6419467
List the prime factors of 268688729.
131, 2051059
List the prime factors of 26246265.
3, 5, 191, 9161
List the prime factors of 51931487.
43, 107, 11287
What are the prime factors of 52057801?
5591, 9311
What are the prime factors of 522216874?
2, 137, 619, 3079
List the prime factors of 294465496.
2, 13, 19, 149021
List the prime factors of 352570500.
2, 3, 5, 47, 1667
What are the prime factors of 1262798709?
3, 17, 1013, 24443
List the prime factors of 70086883.
70086883
What are the prime factors of 330013038?
2, 3, 47, 107, 10937
What are the prime factors of 1766757482?
2, 7, 2141, 58943
What are the prime factors of 32247584?
2, 223, 4519
List the prime factors of 3573078685.
5, 11, 2719, 23893
What are the prime factors of 84208486?
2, 42104243
List the prime factors of 66889881.
3, 71, 3877
List the prime factors of 548039178.
2, 3, 73, 569, 733
What are the prime factors of 942645441?
3, 43, 7307329
What are the prime factors of 384957554?
2, 17, 1657, 6833
What are the prime factors of 170402518?
2, 11, 13, 137, 4349
List the prime factors of 64466930.
2, 5, 11, 23, 83, 307
List the prime factors of 92323899.
3, 10258211
List the prime factors of 1467518677.
4567, 321331
What are the prime factors of 15420648?
2, 3, 642527
List the prime factors of 1583013387.
3, 23, 22942223
What are the prime factors of 5227356?
2, 3, 19, 101, 227
What are the prime factors of 124975135?
5, 89, 280843
List the prime factors of 102737881.
102737881
List the prime factors of 124191489.
3, 83, 498761
List the prime factors of 17441578.
2, 7, 11, 37, 3061
List the prime factors of 29399158.
2, 47, 312757
What are the prime factors of 105622919?
19, 769, 7229
List the prime factors of 17952965.
5, 3590593
List the prime factors of 278154391.
17, 2441, 6703
List the prime factors of 4865245667.
127, 739, 51839
What are the prime factors of 530435988?
2, 3, 953, 15461
List the prime factors of 1995033234.
2, 3, 332505539
List the prime factors of 2731737959.
97, 419, 67213
What are the prime factors of 25901744?
2, 11, 17, 787
What are the prime factors of 1296056720?
2, 5, 7, 37, 71, 881
List the prime factors of 102070917.
3, 13, 641, 1361
List the prime factors of 9041702.
2, 1213, 3727
List the prime factors of 216858259.
29, 137, 54583
What are the prime factors of 127168367?
83, 709, 2161
What are the prime factors of 2458945022?
2, 1229472511
List the prime factors of 3818816943.
3, 521, 883, 2767
What are the prime factors of 784125014?
2, 101, 3881807
What are the prime factors of 4172086128?
2, 3, 7, 12416923
List the prime factors of 154314505.
5, 30862901
What are the prime factors of 744890573?
7, 19, 89, 62929
What are the prime factors of 620562029?
10687, 58067
What are the prime factors of 491119605?
3, 5, 1212641
What are the prime factors of 302620192?
2, 7, 149, 9067
What are the prime factors of 45601787?
7, 11, 449, 1319
What are the prime factors of 332877243?
3, 8641, 12841
List the prime factors of 108234050.
2, 5, 2164681
List the prime factors of 1588955623.
31, 827, 61979
List the prime factors of 581642799.
3, 331, 585743
What are the prime factors of 410251898?
2, 7, 59, 79, 6287
List the prime factors of 291544824.
2, 3, 12147701
List the prime factors of 1086598579.
11, 599, 164911
What are the prime factors of 17840171?
53, 409, 823
What are the prime factors of 346643104?
2, 2467, 4391
List the prime factors of 37003481.
23, 73, 22039
What are the prime factors of 2041554237?
3, 19, 83, 227, 1901
List the prime factors of 31200620.
2, 5, 11, 37, 3833
What are the prime factors of 1201419184?
2, 7, 149, 71993
What are the prime factors of 805773009?
3, 131, 401, 5113
List the prime factors of 5485567907.
5485567907
What are the prime factors of 131161213?
1753, 74821
What are the prime factors of 248329720?
2, 5, 6208243
List the prime factors of 3061098221.
23, 133091227
List the prime factors of 254531711.
7, 61, 596093
What are the prime factors of 903174759?
3, 17, 89, 22109
What are the prime factors of 74115188?
2, 7, 463, 5717
List the prime factors of 440646961.
440646961
List the prime factors of 59668243.
41, 1455323
What are the prime factors of 309247458?
2, 3, 13, 19, 71, 2939
What are the prime factors of 3219898104?
2, 3, 44720807
List the prime factors of 163198525.
5, 7, 932563
What are the prime factors of 4272979462?
2, 53, 40311127
List the prime factors of 85902285.
3, 5, 7, 173, 4729
List the prime factors of 3624889753.
17, 127, 223, 7529
What are the prime factors of 640468897?
17, 31, 1215311
List the prime factors of 52586363.
71, 740653
List the prime factors of 83793245.
5, 47, 356567
List the prime factors of 43045194.
2, 3, 7174199
What are the prime factors of 131854720?
2, 5, 17, 12119
What are the prime factors of 1823339761?
37, 47, 53, 73, 271
What are the prime factors of 58355908?
2, 13, 73, 15373
List the prime factors of 133704092.
2, 4019, 8317
List the prime factors of 172306934.
2, 17, 19, 43, 6203
What are the prime factors of 484484151?
3, 31, 5209507
List the prime factors of 119462077.
7, 17, 991, 1013
List the prime factors of 77589456.
2, 3, 7, 53, 4357
List the prime factors of 1763621216.
2, 7, 53, 149, 997
What are the prime factors of 99107747?
797, 124351
What are the prime factors of 73007126?
2, 36503563
What are the prime factors of 77456310?
2, 3, 5, 2581877
List the prime factors of 132818266.
2, 7, 2447, 3877
What are the prime factors of 409635450?
2, 3, 5, 7, 130043
List the prime factors of 126604919.
7, 18086417
List the prime factors of 2800437103.
157, 17837179
List the prime factors of 751875761.
7, 13, 635567
What are the prime factors of 11877486?
2, 3, 1979581
What are the prime factors of 403226240?
2, 5, 157, 4013
What are the prime factors of 558779001?
3, 11, 17, 431, 2311
What are the prime factors of 75094322?
2, 53, 708437
What are the prime factors of 291408466?
2, 163, 173, 5167
List the prime factors of 43644578.
2, 967, 22567
What are the prime factors of 2057830163?
2057830163
What are the prime factors of 120741288?
2, 3, 953, 5279
List the prime factors of 126024235.
5, 383, 6580